{"id":416,"date":"2021-05-05T21:25:00","date_gmt":"2021-05-05T19:25:00","guid":{"rendered":"https:\/\/arbroservice.ch\/wp\/?page_id=416"},"modified":"2022-04-02T22:11:17","modified_gmt":"2022-04-02T20:11:17","slug":"commandes","status":"publish","type":"page","link":"https:\/\/arbroservice.ch\/?page_id=416","title":{"rendered":"Commandes"},"content":{"rendered":"\n<p>Pour vos commandes d&rsquo;arbres et arbustes, vous pouvez consulter le site <a rel=\"noreferrer noopener\" href=\"https:\/\/www.vondach.ch\" target=\"_blank\">www.vondach.ch<\/a>. Ainsi vous aurez un aper\u00e7u des diff\u00e9rents v\u00e9g\u00e9taux pour agr\u00e9menter votre propri\u00e9t\u00e9. <\/p>\n\n\n\n<p>Ensuite vous pouvez nous contacter, afin de  nous fournir la ou les r\u00e9f\u00e9rences que vous souhaitez. Nous vous conseillerons volontiers, nous sommes \u00e0 disposition pour la plantation ou simplement la livraison.<\/p>\n\n\n\n<p><em>Les commandes sur ce site sont uniquement pour les professionnels, c&rsquo;est pourquoi les commandes et les livraisons sont effectu\u00e9es par Arbro Service.<\/em><\/p>\n","protected":false},"excerpt":{"rendered":"<p>Pour vos commandes d&rsquo;arbres et arbustes, vous pouvez consulter le site www.vondach.ch. Ainsi vous aurez un aper\u00e7u des diff\u00e9rents v\u00e9g\u00e9taux pour agr\u00e9menter votre propri\u00e9t\u00e9. Ensuite vous pouvez nous contacter, afin de nous fournir la ou les r\u00e9f\u00e9rences que vous souhaitez. Nous vous conseillerons volontiers, nous sommes \u00e0 disposition pour la plantation ou simplement la livraison. &hellip; <a href=\"https:\/\/arbroservice.ch\/?page_id=416\" class=\"more-link\">Continue reading <span class=\"screen-reader-text\">Commandes<\/span> <span class=\"meta-nav\">&rarr;<\/span><\/a><\/p>\n","protected":false},"author":1,"featured_media":417,"parent":0,"menu_order":0,"comment_status":"closed","ping_status":"closed","template":"","meta":{"footnotes":""},"class_list":["post-416","page","type-page","status-publish","has-post-thumbnail","hentry"],"_links":{"self":[{"href":"https:\/\/arbroservice.ch\/index.php?rest_route=\/wp\/v2\/pages\/416","targetHints":{"allow":["GET"]}}],"collection":[{"href":"https:\/\/arbroservice.ch\/index.php?rest_route=\/wp\/v2\/pages"}],"about":[{"href":"https:\/\/arbroservice.ch\/index.php?rest_route=\/wp\/v2\/types\/page"}],"author":[{"embeddable":true,"href":"https:\/\/arbroservice.ch\/index.php?rest_route=\/wp\/v2\/users\/1"}],"replies":[{"embeddable":true,"href":"https:\/\/arbroservice.ch\/index.php?rest_route=%2Fwp%2Fv2%2Fcomments&post=416"}],"version-history":[{"count":10,"href":"https:\/\/arbroservice.ch\/index.php?rest_route=\/wp\/v2\/pages\/416\/revisions"}],"predecessor-version":[{"id":464,"href":"https:\/\/arbroservice.ch\/index.php?rest_route=\/wp\/v2\/pages\/416\/revisions\/464"}],"wp:featuredmedia":[{"embeddable":true,"href":"https:\/\/arbroservice.ch\/index.php?rest_route=\/wp\/v2\/media\/417"}],"wp:attachment":[{"href":"https:\/\/arbroservice.ch\/index.php?rest_route=%2Fwp%2Fv2%2Fmedia&parent=416"}],"curies":[{"name":"wp","href":"https:\/\/api.w.org\/{rel}","templated":true}]}}